 digit of 121536422?
2
What is the ten millions digit of 60298436?
6
What is the millions digit of 1002785729?
2
What is the hundred thousands digit of 25557404?
5
What is the hundreds digit of 183018871?
8
What is the tens digit of 269632985?
8
What is the ten millions digit of 2791975127?
9
What is the ten millions digit of 317133879?
1
What is the thousands digit of 338579193?
9
What is the thousands digit of 3944615777?
5
What is the tens digit of 192167311?
1
What is the thousands digit of 518936051?
6
What is the millions digit of 378711123?
8
What is the units digit of 45414085?
5
What is the millions digit of 945539616?
5
What is the millions digit of 440847872?
0
What is the hundreds digit of 224819645?
6
What is the hundreds digit of 876526430?
4
What is the thousands digit of 90096344?
6
What is the units digit of 96363303?
3
What is the thousands digit of 1283122498?
2
What is the hundred millions digit of 2519873331?
5
What is the millions digit of 3386775402?
6
What is the tens digit of 145890357?
5
What is the tens digit of 357070502?
0
What is the millions digit of 702817915?
2
What is the thousands digit of 1202586097?
6
What is the tens digit of 682850580?
8
What is the hundreds digit of 3809281283?
2
What is the ten thousands digit of 626115777?
1
What is the hundred millions digit of 356147578?
3
What is the units digit of 174025089?
9
What is the ten thousands digit of 30824629?
2
What is the hundred thousands digit of 42565998?
5
What is the ten thousands digit of 350430998?
3
What is the units digit of 1900340234?
4
What is the units digit of 2207345637?
7
What is the thousands digit of 159130884?
0
What is the hundred thousands digit of 40794437?
7
What is the hundreds digit of 3902721493?
4
What is the thousands digit of 408480995?
0
What is the tens digit of 54100546?
4
What is the millions digit of 1568904109?
8
What is the thousands digit of 157357261?
7
What is the ten thousands digit of 1092658938?
5
What is the billions digit of 2323461045?
2
What is the hundred millions digit of 6175667488?
1
What is the hundred thousands digit of 1698104330?
1
What is the millions digit of 3433217128?
3
What is the thousands digit of 2477077644?
7
What is the hundred millions digit of 8265586361?
2
What is the units digit of 71900819?
9
What is the billions digit of 1610030943?
1
What is the ten thousands digit of 46973173?
7
What is the units digit of 4065194757?
7
What is the millions digit of 1111560374?
1
What is the ten millions digit of 601280515?
0
What is the ten millions digit of 408529554?
0
What is the hundred thousands digit of 657371323?
3
What is the ten millions digit of 93749179?
9
What is the units digit of 1307947881?
1
What is the hundreds digit of 15186065?
0
What is the hundreds digit of 108630359?
3
What is the hundred thousands digit of 11641600?
6
What is the hundreds digit of 29718347?
3
What is the millions digit of 246027649?
6
What is the units digit of 92030326?
6
What is the hundred millions digit of 332756672?
3
What is the thousands digit of 1361368552?
8
What is the ten thousands digit of 44621959?
2
What is the units digit of 3836570381?
1
What is the ten thousands digit of 346646172?
4
What is the hundred thousands digit of 460907339?
9
What is the units digit of 348312?
2
What is the units digit of 66091969?
9
What is the ten thousands digit of 80921947?
2
What is the hundred millions digit of 1278711377?
2
What is the ten millions digit of 859688773?
5
What is the tens digit of 55828198?
9
What is the hundred thousands digit of 2834361476?
3
What is the billions digit of 1333077273?
1
What is the hundreds digit of 181169279?
2
What is the millions digit of 15303842?
5
What is the tens digit of 48470854?
5
What is the ten millions digit of 1209533751?
0
What is the thousands digit of 2516603965?
3
What is the ten thousands digit of 1210185566?
8
What is the ten thousands digit of 7812894?
1
What is the billions digit of 1686267668?
1
What is the hundred thousands digit of 117759281?
7
What is the ten millions digit of 20702633?
2
What is the tens digit of 1995633836?
3
What is the tens digit of 39506313?
1
What is the hundreds digit of 381261475?
4
What is the hundred thousands digit of 937355141?
3
What is the millions digit of 23875217?
3
What is the hundreds digit of 533993968?
9
What is the ten thousands digit of 1256412980?
1
What is the tens digit of 176700687?
8
What is the ten thousands digit of 113417107?
1
What is the millions digit of 895019527?
5
What is the ten millions digit of 21101674?
2
What is the thousands digit of 496803831?
3
What is the hundreds digit of 1100714011?
0
What is the thousands digit of 20007875?
7
What is the ten thousands digit of 4206120835?
2
What is the thousands digit of 885819336?
9
What is the units digit of 83597568?
8
What is the ten thousands digit of 829610302?
1
What is the thousands digit of 8837193?
7
What is the ten thousands digit of 88235605?
3
What is the tens digit of 124574318?
1
What is the tens digit of 224030612?
1
What is the ten millions digit of 47501327?
4
What is the millions digit of 35544324?
5
What is the units digit of 1392439967?
7
What is the millions digit of 737834519?
7
What is the ten thousands digit of 705534096?
3
What is the hundred millions digit of 149135293?
1
What is the thousands digit of 609133908?
3
What is the hundred millions digit of 427685352?
4
What is the units digit of 40252967?
7
What is the units digit of 1394660346?
6
What is the tens digit of 492513078?
7
What is the millions digit of 91119527?
1
What is the tens digit of 4306741022?
2
What is the units digit of 66649153?
3
What is the billions digit of 8354049360?
8
What is the ten thousands digit of 751184965?
8
What is the millions digit of 310822868?
0
What is the hundreds digit of 168135865?
8
What is the tens digit of 200782663?
6
What is the tens digit of 87123705?
0
What is the millions digit of 2152316686?
2
What is the thousands digit of 1124065998?
5
What is the units digit of 522305903?
3
What is the hundreds digit of 6418377697?
6
What is the hundred thousands digit of 25657486?
6
What is the hundreds digit of 482445789?
7
What is the thousands digit of 434623496?
3
What is the thousands digit of 67743988?
3
What is the ten millions digit of 933813630?
3
What is the tens digit of 105964580?
8
What is the units digit of 181904347?
7
What is the units digit of 78195154?
4
What is the millions digit of 1819420574?
9
What is the units digit of 3919040078?
8
What is the thousands digit of 308220836?
0
What is the thousands digit of 611374796?
4
What is the ten thousands digit of 12217169?
1
What is the tens digit of 350186163?
6
What is the thousands digit of 775172694?
2
What is the ten millions digit of 740838151?
4
What is the thousands digit of 34989398?
9
What is the ten millions digit of 183898653?
8
What is the tens digit of 577384478?
7
What is the units digit of 40896805?
5
What is the millions digit of 67437520?
7
What is the thousands digit of 142042497?
2
What is the millions digit of 360473884?
0
What is the ten millions digit of 55016213?
5
What is the hundred thousands digit of 219108691?
1
What is the hundred thousands digit of 774557934?
5
What is the millions digit of 87674299?
7
What is the ten millions digit of 18222433?
1
What is the hundred thousands digit of 44910217?
9
What is the ten thousands digit of 74944239?
4
What is the millions digit of 185211663?
5
What is the hundred millions digit of 172234716?
1
What is the units digit of 6477424?
4
What is the thousands digit of 3381228251?
8
What is the tens digit of 14477565?
6
What is the ten millions digit of 3029268772?
2
What is the units digit of 204399357?
7
What is the hundred millions digit of 171902392?
1
What is the hundred millions digit of 140303621?
1
What is the thousands digit of 39326197?
6
What is the ten thousands digit of 709753886?
5
What is the thousands digit of 1358641160?
1
What is the tens digit of 882465116?
1
What is the units digit of 4420423951?
1
What is the tens digit of 265364858?
5
What is the millions digit of 2625300290?
5
What is the hundreds digit of 566195799?
7
What is the hundreds digit of 274019319?
3
What is the millions dig